 is the units digit of r(g)?
2
Let s(m) = -m**2 + 7*m - 12. Let c be s(5). Let b(a) = -74*a - 1. Let r be b(c). Suppose 2*d - 196 = -2*d + 2*q, r = 3*d - 5*q. What is the tens digit of d?
4
Let l(s) = 59*s + 190. What is the units digit of l(5)?
5
What is the units digit of (10 - 168/16) + 3967/2?
3
Let p = -1168 + 1841. What is the tens digit of p?
7
Suppose 937 = x + a - 899, 0 = 5*x + 4*a - 9182. What is the hundreds digit of x?
8
Let s = 173 + -92. Suppose 0 = z + 5, -z - s = -4*c - 4*z. What is the tens digit of c?
2
Let g = -5 + 7. Let t be (-1 - g)*(-48)/18. Suppose -t*v = -6*v - 36. What is the tens digit of v?
1
Suppose 3*a - 668 + 152 = -m, 2*m = 0. Suppose i = -3*i + a. What is the tens digit of i?
4
What is the units digit of (1/((-15)/335))/((-2)/72)?
4
Let j = -298 + 941. What is the units digit of j?
3
Suppose 20 = 3*y - 2*y. Suppose -o + q + 4 + y = 0, 3*o - 5*q - 82 = 0. Suppose -2*a + o = 5*h, -3*a - 4*h = 2*a - 22. What is the units digit of a?
2
Let t = -68 + 71. Let g(f) = 14*f + 28. What is the tens digit of g(t)?
7
Let k(i) be the first derivative of 2*i**3/3 - 2*i**2 + 19*i + 28. What is the hundreds digit of k(-6)?
1
Let o(g) = g + 2. Let z be o(3). Let x(l) = 7*l**2 + 2*l - 4. Let v be x(2). Suppose 0 = t - z*t + v. What is the units digit of t?
7
Let x(b) = -3*b - 1. Let i be x(-1). Suppose -2*m + 21 - 87 = -i*d, 3*m = d - 33. Let g = d + -7. What is the tens digit of g?
2
Let i = 31 - 29. What is the units digit of 148*1/i - -3?
7
Suppose -2*s = s - 5*f - 1060, -5*f - 370 = -s. Suppose 4*p - 29 = -s. Let r = 116 + p. What is the tens digit of r?
3
Suppose 0 = 34*a + 5094 - 149220. What is the tens digit of a?
3
Suppose -5*m + 0 + 85 = 0. Let z = m + 31. What is the tens digit of z?
4
Suppose -5*n + 2*n + 6 = 0. Let p = 19 + -19. Suppose -h + n*h - 4 = p. What is the units digit of h?
4
Let k = 2 + 1. Let l(p) = -4*p**3 - 23*p**2 + 5*p - 6. Let n be l(-6). Suppose -7*f + k*f + 292 = -4*r, n = -4*f + 5*r + 296. What is the tens digit of f?
6
Let q = 2394 + -1406. Suppose -27*h + 31*h - q = 0. What is the units digit of h?
7
Let x = -19 + -76. What is the units digit of (-1)/(4 - (-385)/x)?
9
Suppose z = 1, z = c - 1 - 0. Let w(b) = b**2 + 2*b - 3. What is the units digit of w(c)?
5
Suppose -3*t + 9 = -0*t. Suppose -19 = -t*y - 1. Let x = y + 30. What is the units digit of x?
6
Suppose -6*v + 1291 - 295 = 0. Suppose -k = 4*k - 3*j - 205, 2*j + v = 4*k. What is the units digit of k?
4
Let x(f) = -8*f - 19. Let c be x(6). Let z = -31 - c. What is the tens digit of z?
3
Let p be 20/(-2 + 6) - -1. Suppose 69 + 213 = p*j. What is the tens digit of j?
4
Let s be (-5)/(-20) + (-123)/12. Let c = s + 10. Suppose 2*t - 100 + 32 = c. What is the units digit of t?
4
Let t = -77 - -80. Suppose 0 = -0*p + 4*p - a - 601, -4*p - t*a + 581 = 0. What is the tens digit of p?
4
What is the units digit of -3 - (4 - 5) - -67?
5
Let t(c) = 166*c**2 + 7*c + 8. What is the units digit of t(-1)?
7
Suppose 5*r - 10 = 0, 4*b + 3*r + 2*r - 10 = 0. Let v(x) = -2*x + 5. Let q be v(b). What is the units digit of q + -1 + 15*4?
4
What is the tens digit of -5*1 + (7 - 15) + 116?
0
Let s = 87 + -84. What is the units digit of s*(3 - (-40)/(-15))?
1
Let o(v) = 6*v**2 - v - 5. Suppose 0*c + c = 5. What is the units digit of o(c)?
0
Suppose -f = 12 - 14. Suppose 8*t = -2*h + 4*t + 148, 0 = 4*h - f*t - 296. What is the units digit of h?
4
Suppose -3*i = -4*p - 7*i + 7364, 0 = -2*i - 6. What is the units digit of p?
4
Suppose -7 = p + 5*f, 0*p + 3*p + f = 7. Suppose -3*i - 5*a + 392 = -530, p*i = 4*a + 904. What is the hundreds digit of i?
3
Let r be 0 + -1 + 3 + -3. Let c = 2 + 13. Let d = c + r. What is the tens digit of d?
1
Let k(w) = 15*w - 5. Let m(b) = 15*b - 4. Let l(q) = 5*k(q) - 4*m(q). What is the tens digit of l(2)?
2
Let j(c) = 60*c + 80. What is the hundreds digit of j(14)?
9
Let b(p) = p**2 - 2*p + 606. What is the units digit of b(0)?
6
Let b be 2/5 - 292/(-20). Suppose -4 = -2*s + 5*y + 6, b = 3*s + 4*y. Suppose 2*n - s*c = 74, -2*n - n + 3*c = -102. What is the tens digit of n?
3
What is the tens digit of 35/((-155)/(-31) - (-124)/(-25))?
7
Let f be (-64)/20*(1 - -4). Let c be 2/(6/3) + -361. What is the tens digit of c/f - (-2)/4?
2
Let l(b) be the second derivative of -b**3/2 + b**2 - 3*b. Suppose y - 6 = 3*y. What is the units digit of l(y)?
1
Suppose -2*u + 4*j = -1334, 5*u + 372 = -5*j + 3782. What is the hundreds digit of u?
6
Let w(g) = -g**3 - 2*g**2 - 3*g - 4. Let j(r) = r**3 + r + 1. Let t(b) = 4*j(b) + w(b). Let u be t(1). Suppose u*x - x = 4. What is the units digit of x?
4
Suppose 40 + 32 = -6*k. Let g be k/8*(-118)/3. Suppose 2*j + 5*b = g, -2*b - 75 = -5*j - 0*b. What is the tens digit of j?
1
Let d(b) = 1923*b**3 - 2*b**2 - 5*b + 7. What is the thousands digit of d(1)?
1
What is the units digit of -9 + -813*(-4)/12?
2
Suppose 29 = 8*z + 37. Let r(l) = -187*l + 4. What is the units digit of r(z)?
1
Let n be 0 + -2 + 17*-1. Let w be (5/(-2))/((-1)/14). Let f = w + n. What is the units digit of f?
6
Suppose 54*p = 73*p - 13737. What is the units digit of p?
3
Suppose -b = -2 + 4. Let w be -3*(-3)/9 + b. What is the tens digit of w + -2 - (2 - 34)?
2
What is the thousands digit of 48/(-80) - ((-84690)/25 - 2)?
3
Let g(r) = 126*r - 609. What is the tens digit of g(28)?
1
Let c(o) = -216*o - 25. What is the units digit of c(-3)?
3
Suppose -9*v - 4 = -11*v. Suppose 0 = -0*p + v*p - 264. What is the units digit of p?
2
Suppose -5*j - 16 = -3*s, -2*j + 8 = -4*s + 20. What is the units digit of (j - 84/(-2)) + (-45)/15?
7
Let r = 46 + -31. Suppose -135 = -0*p - r*p. What is the units digit of p?
9
Let c = -27 + 30. Let r(w) = -62*w**3 + 1. Let p be r(-1). Suppose -3*x + 3*z = -p, -c = 4*z + 1. What is the units digit of x?
0
Suppose -3*z - n = 36, -2*n = 4*z + 43 + 7. Let l = z - -42. What is the tens digit of l?
3
Suppose 4*r - 16 = 8. Suppose -l + r = 1. Suppose 3*g + 92 = 4*y, -l*y + 113 = g - 2. What is the tens digit of y?
2
Let o(x) = -x**2 + x + 1. Let q be o(-1). What is the hundreds digit of (q - 2)*(-2786)/42?
1
Let r(o) = o**3 - 9*o**2 - 3*o + 10. Let q be r(9). Let f(m) = -7*m + 27. Let t be f(q). What is the tens digit of t/(3 + 1 + -2)?
7
Suppose y + 822 = 3*j + 4*y, -5*y + 1095 = 4*j. What is the tens digit of j?
7
Suppose 3*n = 2*d - 102, d - 4*n - 41 = -0*d. Suppose 5*u - 3*l - 271 = 0, d = 5*u + 4*l - 235. What is the units digit of u?
6
Let w(r) be the second derivative of 3*r**5/20 - r**4/4 - r**3/3 - 17*r**2/2 + 37*r. What is the hundreds digit of w(5)?
2
Suppose -v - 775 = -5*o - 5*v, 0 = 2*v. Suppose -s - 4*s = o. Let b = -18 - s. What is the tens digit of b?
1
Suppose -3*n + 10 = -11. Suppose 0 = -2*s - 0*g - g + n, 3*s + g - 8 = 0. What is the tens digit of (s*8)/((-5)/(-10))?
1
Suppose 5*f - 54 = 16. What is the tens digit of 40/70 - (-398)/f?
2
Suppose 2*q = -4*b + 6080 - 1494, 2309 = q - 2*b. What is the tens digit of q?
0
Let l(t) be the first derivative of 1 + 22*t - 1/3*t**3 + 0*t**2. What is the units digit of l(0)?
2
Suppose 3*k + u = 609, -3*k + 6*k + 5*u = 621. Suppose h + 34 - k = 0. What is the units digit of h?
8
What is the hundreds digit of (-19)/((-2736)/(-548) + -4 + -1)?
6
Suppose -5*g + 1370 = 3*p, 2*p + 57*g - 55*g = 908. What is the units digit of p?
0
Suppose 4*y + 284 = 2*b, 4*y = y + 3*b - 216. Let i = y + 136. What is the tens digit of i?
6
Suppose 2*y - x - 1974 = 0, -4*y = -5*y + 2*x + 981. What is the tens digit of y?
8
Suppose 0 = 4*x - 3*x - 39. Suppose -2*z + 10 = -4*q, 6*z - z - 3*q - 18 = 0. Suppose z*r - 33 = x. What is the tens digit of r?
2
Let g(c) = -c + 11. Let p be g(3). Suppose 2*z = -4*y + 112, 0*y = 4*y + p. What is the tens digit of z?
6
Let j = 3369 - 1699. What is the thousands digit of j?
1
Suppose 592*t + 179340 = 622*t. What is the units digit of t?
8
Let l(x) = 22*x**3 + 3*x**2 - 9*x + 15. What is the units digit of l(3)?
9
Let b = 648 + -12. What is the hundreds digit of b?
6
Let p(t) = t**3 + 6*t**2 + 6. Let s(f) = f**3 + 6*f**2 - f + 7. Let m(x) = 5*p(x) - 4*s(x). Let j be m(-5). Let l = j + 2. What is the units digit of l?
9
Let s(n) = 0*n**2 + 5*n**2 - 2*n**2 + 5*n - n**3 + 0*n**3. Let g = -13 - -17. What is the units digit of s(g)?
4
Let q = -16 + 31